{"id":900,"date":"2022-02-23T23:26:33","date_gmt":"2022-02-23T22:26:33","guid":{"rendered":"https:\/\/ot31.pzk.org.pl\/?page_id=900"},"modified":"2022-02-23T23:45:46","modified_gmt":"2022-02-23T22:45:46","slug":"co-to-jest-voip","status":"publish","type":"page","link":"https:\/\/ot31.pzk.org.pl\/index.php\/co-to-jest-voip\/","title":{"rendered":"Co to jest VoIP?"},"content":{"rendered":"<p><img decoding=\"async\" src=\"https:\/\/ot31.pzk.org.pl\/wp-content\/uploads\/2022\/02\/cisco.jpg\" alt=\"\" \/><\/p>\n<p><span style=\"color: #0000ff;\"><strong>Voice over Internet Protocol<\/strong><\/span> (VoIP), znany tak\u017ce pod nazw\u0105 telefonia internetowa, to technologia po\u0142\u0105cze\u0144 g\u0142osowych oparta na protokole SIP (Session Initiation Protocol). VoIP jest sposobem komunikacji, w kt\u00f3rym analogowe dane g\u0142osowe s\u0105 zamieniane na cyfrowe pakiety z danymi i przesy\u0142ane przez Internet w celu wykonania po\u0142\u0105cze\u0144 g\u0142osowych online.<br \/>\nPo\u0142\u0105czenia VoIP nie zale\u017c\u0105 od operatora kom\u00f3rkowego i nie wymagaj\u0105 u\u017cycia karty SIM (lub telefoni TDM liniowej). Potrzebny jest tylko dost\u0119p do Internetu (Wi-Fi lub dane mobilne) oraz aplikacja VoIP lub konto SIP VoIP.<\/p>\n<p><strong><span style=\"color: #008000;\">VoIP to lepsza jako\u015b\u0107 po\u0142\u0105cze\u0144<\/span><\/strong>.<br \/>\nPo\u0142\u0105czenia g\u0142osowe wykonywane w technologii VoIP charakteryzuj\u0105 si\u0119 wysok\u0105 jako\u015bci\u0105. W technologii VoIP nie ma miejsca na problemy z pog\u0142osem czy przerywanie po\u0142\u0105cze\u0144, brak zasi\u0119gu, s\u0142aby sygna\u0142 itp. jak w przypadku telefonii analogowej. Wystarczy, \u017ce posiadasz stabilne \u0142\u0105cze internetowe.<\/p>\n<p><strong><span style=\"color: #008000;\">Przypisanie kilku numer\u00f3w do jednego urz\u0105dzenia<\/span><\/strong>.<br \/>\nW tradycyjnej telefonii na jednym urz\u0105dzeniu mo\u017cesz przyjmowa\u0107 po\u0142\u0105czenia przychodz\u0105ce tylko na jeden numer, w telefonii VoIP nie ma takich ogranicze\u0144. Mo\u017cesz skierowa\u0107 po\u0142\u0105czenia do jednego aparatu IP pod kilkoma numerami.<br \/>\nVoIP nie wymaga oddzielnej infrastruktury jak telefonia kom\u00f3rkowa lub TDM (liniowa) kt\u00f3ra dzia\u0142a w oparciu o infrastruktur\u0119 techniczn\u0105 tj. sie\u0107 przeka\u017anik\u00f3w lub centrale itp. gdzie rozmowy s\u0105 p\u0142atne i jest konieczno\u015b\u0107 zawierania d\u0142ugoterminowych um\u00f3w.<\/p>\n<p>Tak jak ju\u017c pisa\u0142em na ot31@groups.io 7 stycznia 2022 roku, przysz\u0142o\u015b\u0107 komunikacji cyfrowej jest nieunikniona, i to czy to si\u0119 komu podoba czy te\u017c nie.<br \/>\nChcia\u0142bym zaznaczy\u0107, \u017ce w nawi\u0105zaniu do tematu VoIP, dla kr\u00f3tkofalowc\u00f3w z ca\u0142ego \u015bwiata jest dedykowana darmowa sie\u0107 Voice-Over-Internet-Protokol &#8222;HAMSHACK HOTLINE&#8221;, z kt\u00f3rej to sieci VoIP mo\u017cna korzysta\u0107 z internetu, jak r\u00f3wnie\u017c bez internetu na bazie HamNet. Tak na marginesie w Hamshack Hotline jest ju\u017c zarejestrowanych dw\u00f3ch u\u017cytkownik\u00f3w z naszego OT31 tj. Adam SQ9DHS z nr telef. 14599, oraz Mariusz SQ9DIQ z nr telef.14640.<br \/>\nNadmieniam ponadto, \u017ce kr\u00f3tkofalowcy i osoby nie zwi\u0105zane z kr\u00f3tkofalarstwem (nie tylko polscy), korzystaj\u0105 obecnie z sieci VoIP og\u00f3lnie dost\u0119pnej, cho\u0107by z &#8222;DRAGON-Net&#8221;, z kt\u00f3rej ja tak\u017ce korzystam i posiadam nr telef. SIP 11021<br \/>\nChcia\u0142bym te\u017c zauwa\u017cy\u0107, \u017ce istniej\u0105 mo\u017cliwo\u015bci dzwonienia z sieci og\u00f3lnodost\u0119pnej &#8222;Dragon-Net&#8221; do kr\u00f3tkofalarskiej HH (Hamshack Hotline) i na odwr\u00f3t tj. z HH do Dragon-Net.<\/p>\n<p>Telefonia VoIP w \u017cadnym przypadku nie zast\u0105pi i nie zagra\u017ca dotychczasowej formie kr\u00f3tkofalarstwa, ale mo\u017ce stanowi\u0107 jej uzupe\u0142nienie jako jedna z wielu mo\u017cliwo\u015bci jakie daje nam nasze hobby (cho\u0107by dlatego, \u017ce jak wiemy nie wszystko mo\u017cemy powiedzie\u0107 przez mikrofon).<\/p>\n<p>Pozdrawiam!<br \/>\nAdam SQ9DHS<\/p>\n","protected":false},"excerpt":{"rendered":"<p>Voice over Internet Protocol (VoIP), znany tak\u017ce pod nazw\u0105 telefonia internetowa, to technologia po\u0142\u0105cze\u0144 g\u0142osowych oparta na protokole SIP (Session Initiation Protocol). VoIP jest sposobem komunikacji, w kt\u00f3rym analogowe dane g\u0142osowe s\u0105 zamieniane na cyfrowe pakiety z danymi i przesy\u0142ane przez Internet w celu wykonania po\u0142\u0105cze\u0144 g\u0142osowych online. Po\u0142\u0105czenia VoIP [&hellip;]<\/p>\n","protected":false},"author":2,"featured_media":0,"parent":0,"menu_order":0,"comment_status":"closed","ping_status":"closed","template":"","meta":{"_themeisle_gutenberg_block_has_review":false,"footnotes":""},"class_list":["post-900","page","type-page","status-publish","hentry"],"aioseo_notices":[],"_links":{"self":[{"href":"https:\/\/ot31.pzk.org.pl\/index.php\/wp-json\/wp\/v2\/pages\/900","targetHints":{"allow":["GET"]}}],"collection":[{"href":"https:\/\/ot31.pzk.org.pl\/index.php\/wp-json\/wp\/v2\/pages"}],"about":[{"href":"https:\/\/ot31.pzk.org.pl\/index.php\/wp-json\/wp\/v2\/types\/page"}],"author":[{"embeddable":true,"href":"https:\/\/ot31.pzk.org.pl\/index.php\/wp-json\/wp\/v2\/users\/2"}],"replies":[{"embeddable":true,"href":"https:\/\/ot31.pzk.org.pl\/index.php\/wp-json\/wp\/v2\/comments?post=900"}],"version-history":[{"count":7,"href":"https:\/\/ot31.pzk.org.pl\/index.php\/wp-json\/wp\/v2\/pages\/900\/revisions"}],"predecessor-version":[{"id":916,"href":"https:\/\/ot31.pzk.org.pl\/index.php\/wp-json\/wp\/v2\/pages\/900\/revisions\/916"}],"wp:attachment":[{"href":"https:\/\/ot31.pzk.org.pl\/index.php\/wp-json\/wp\/v2\/media?parent=900"}],"curies":[{"name":"wp","href":"https:\/\/api.w.org\/{rel}","templated":true}]}}