{"id":826,"date":"2022-01-07T13:37:04","date_gmt":"2022-01-07T12:37:04","guid":{"rendered":"https:\/\/ot31.pzk.org.pl\/?page_id=826"},"modified":"2022-01-08T08:47:18","modified_gmt":"2022-01-08T07:47:18","slug":"do-pobrania","status":"publish","type":"page","link":"https:\/\/ot31.pzk.org.pl\/index.php\/do-pobrania\/","title":{"rendered":"Do pobrania"},"content":{"rendered":"<p><strong>Znalezione w sieci materia\u0142y i dokumenty dotycz\u0105ce naszego hobby.<\/strong><\/p>\n<p>Opracowanie Johna ON4UN i Marka ON4WW (t\u0142umaczenie: Wies\u0142aw SP2DX):<\/p>\n<p><a href=\"https:\/\/tiny.pl\/91ql6\" target=\"_blank\" rel=\"noopener\"><em><strong><span style=\"color: #800080;\">Etyka i procedury operacyjne dla kr\u00f3tkofalowc\u00f3w. <\/span><\/strong><span style=\"color: #800080;\">2008 wyd. II<\/span><\/em><\/a><\/p>\n<p>&nbsp;<\/p>\n<p>Ksi\u0105\u017cka Krzysztofa S\u0142omczy\u0144skiego SP5HS:<\/p>\n<p><a href=\"https:\/\/pzk.org.pl\/download.php?action=subcat&amp;id=63\" target=\"_blank\" rel=\"noopener\"><em><strong>ABC Kr\u00f3tkofalowca. <\/strong>WK\u0141 Warszawa 1998 wyd. III zmienione<\/em><\/a><\/p>\n","protected":false},"excerpt":{"rendered":"<p>Znalezione w sieci materia\u0142y i dokumenty dotycz\u0105ce naszego hobby. Opracowanie Johna ON4UN i Marka ON4WW (t\u0142umaczenie: Wies\u0142aw SP2DX): Etyka i procedury operacyjne dla kr\u00f3tkofalowc\u00f3w. 2008 wyd. II &nbsp; Ksi\u0105\u017cka Krzysztofa S\u0142omczy\u0144skiego SP5HS: ABC Kr\u00f3tkofalowca. WK\u0141 Warszawa 1998 wyd. III zmienione<\/p>\n","protected":false},"author":2,"featured_media":0,"parent":0,"menu_order":0,"comment_status":"closed","ping_status":"closed","template":"","meta":{"_themeisle_gutenberg_block_has_review":false,"footnotes":""},"class_list":["post-826","page","type-page","status-publish","hentry"],"aioseo_notices":[],"_links":{"self":[{"href":"https:\/\/ot31.pzk.org.pl\/index.php\/wp-json\/wp\/v2\/pages\/826","targetHints":{"allow":["GET"]}}],"collection":[{"href":"https:\/\/ot31.pzk.org.pl\/index.php\/wp-json\/wp\/v2\/pages"}],"about":[{"href":"https:\/\/ot31.pzk.org.pl\/index.php\/wp-json\/wp\/v2\/types\/page"}],"author":[{"embeddable":true,"href":"https:\/\/ot31.pzk.org.pl\/index.php\/wp-json\/wp\/v2\/users\/2"}],"replies":[{"embeddable":true,"href":"https:\/\/ot31.pzk.org.pl\/index.php\/wp-json\/wp\/v2\/comments?post=826"}],"version-history":[{"count":16,"href":"https:\/\/ot31.pzk.org.pl\/index.php\/wp-json\/wp\/v2\/pages\/826\/revisions"}],"predecessor-version":[{"id":857,"href":"https:\/\/ot31.pzk.org.pl\/index.php\/wp-json\/wp\/v2\/pages\/826\/revisions\/857"}],"wp:attachment":[{"href":"https:\/\/ot31.pzk.org.pl\/index.php\/wp-json\/wp\/v2\/media?parent=826"}],"curies":[{"name":"wp","href":"https:\/\/api.w.org\/{rel}","templated":true}]}}