{"id":651,"date":"2021-08-31T21:55:56","date_gmt":"2021-08-31T19:55:56","guid":{"rendered":"https:\/\/ot31.pzk.org.pl\/?page_id=651"},"modified":"2024-01-06T20:51:44","modified_gmt":"2024-01-06T19:51:44","slug":"postacie","status":"publish","type":"page","link":"https:\/\/ot31.pzk.org.pl\/index.php\/postacie\/","title":{"rendered":"Postacie"},"content":{"rendered":"<h3><span style=\"color: #666699;\"><em>Kr\u00f3tkofalowcy naszego terenu, kt\u00f3rzy odeszli&#8230; <\/em><\/span>.<\/h3>\n<p>Przedstawiamy galeri\u0119 postaci, kr\u00f3tkofalowc\u00f3w kt\u00f3rzy byli zwi\u0105zani z naszym terenem.<\/p>\n<ul>\n<li><strong><a href=\"https:\/\/ot31.pzk.org.pl\/index.php\/jozef-gromnica-sp9rj\/\">Jerzy Gromnica SP9RJ<\/a><\/strong> &#8211; 31.08.2021 r.<\/li>\n<\/ul>\n<p>&nbsp;<\/p>\n","protected":false},"excerpt":{"rendered":"<p>Kr\u00f3tkofalowcy naszego terenu, kt\u00f3rzy odeszli&#8230; . Przedstawiamy galeri\u0119 postaci, kr\u00f3tkofalowc\u00f3w kt\u00f3rzy byli zwi\u0105zani z naszym terenem. Jerzy Gromnica SP9RJ &#8211; 31.08.2021 r. &nbsp;<\/p>\n","protected":false},"author":2,"featured_media":0,"parent":0,"menu_order":0,"comment_status":"closed","ping_status":"closed","template":"","meta":{"_themeisle_gutenberg_block_has_review":false,"footnotes":""},"class_list":["post-651","page","type-page","status-publish","hentry"],"aioseo_notices":[],"_links":{"self":[{"href":"https:\/\/ot31.pzk.org.pl\/index.php\/wp-json\/wp\/v2\/pages\/651","targetHints":{"allow":["GET"]}}],"collection":[{"href":"https:\/\/ot31.pzk.org.pl\/index.php\/wp-json\/wp\/v2\/pages"}],"about":[{"href":"https:\/\/ot31.pzk.org.pl\/index.php\/wp-json\/wp\/v2\/types\/page"}],"author":[{"embeddable":true,"href":"https:\/\/ot31.pzk.org.pl\/index.php\/wp-json\/wp\/v2\/users\/2"}],"replies":[{"embeddable":true,"href":"https:\/\/ot31.pzk.org.pl\/index.php\/wp-json\/wp\/v2\/comments?post=651"}],"version-history":[{"count":10,"href":"https:\/\/ot31.pzk.org.pl\/index.php\/wp-json\/wp\/v2\/pages\/651\/revisions"}],"predecessor-version":[{"id":1578,"href":"https:\/\/ot31.pzk.org.pl\/index.php\/wp-json\/wp\/v2\/pages\/651\/revisions\/1578"}],"wp:attachment":[{"href":"https:\/\/ot31.pzk.org.pl\/index.php\/wp-json\/wp\/v2\/media?parent=651"}],"curies":[{"name":"wp","href":"https:\/\/api.w.org\/{rel}","templated":true}]}}