{"id":1713,"date":"2024-02-04T15:44:12","date_gmt":"2024-02-04T14:44:12","guid":{"rendered":"https:\/\/ot31.pzk.org.pl\/?page_id=1713"},"modified":"2024-02-04T15:47:46","modified_gmt":"2024-02-04T14:47:46","slug":"postac-huberta-sp9mdy","status":"publish","type":"page","link":"https:\/\/ot31.pzk.org.pl\/index.php\/postac-huberta-sp9mdy\/","title":{"rendered":"Posta\u0107 Huberta SP9MDY"},"content":{"rendered":"<pre>G\u0142os Gminy - lokalna gazeta gminy Pietrowice. Numer z kwietnia 2009 r.<\/pre>\n<p><span style=\"color: #993300;\"><em><strong>Co to jest kr\u00f3tkofalarstwo?<\/strong><\/em><\/span><\/p>\n<p><strong>To pytanie nie jest proste, jak by si\u0119 pierwotnie wydawa\u0142o. Mo\u017ce odpowiem na to pytanie z mojej perspektywy tj. jak sam z\u0142apa\u0142em tego bakcyla i jak u mnie si\u0119 potoczy\u0142o. Od lat szkolnych zawsze mia\u0142em &#8222;poci\u0105g&#8221; do lutownicy drut\u00f3w i konstrukcji elektrycznych, ale na dobre zacz\u0119\u0142o si\u0119 u mnie kiedy to wpad\u0142a mi w r\u0119ce ksi\u0105\u017cka Krzysztofa S\u0142omczy\u0144skiego &#8222;ABC Kr\u00f3tkofalowca&#8221;, kt\u00f3ra po prostu poch\u0142on\u0105\u0142em.<\/strong><\/p>\n<p><strong>Pod jej wp\u0142ywem zacz\u0105\u0142em sam montowa\u0107 pierwsze proste odbiorniki na pasma amatorskie 80 m i 40 m, i zacz\u0105\u0142em pods\u0142uchiwa\u0107 kr\u00f3tkofalowc\u00f3w. Ucz\u0105c si\u0119 wtedy w K\u0119dzierzynie, doje\u017cd\u017ca\u0142em do r\u00f3\u017cnych klub\u00f3w kr\u00f3tkofalarskich, jak SP6KSF w Blachowni czy SP6KGN w Opolu. Tam zetkn\u0105\u0142em si\u0119 z innymi kr\u00f3tkofalowcami, od kt\u00f3rych nabiera\u0142em informacji i wiedzy kr\u00f3tkofalarskiej (Internet w latach 70. i 80. w og\u00f3le nie istnia\u0142). Tam te\u017c (w Opolu) uzyska\u0142em pierwszy stopie\u0144 kr\u00f3tkofalarstwa czyli licencj\u0119 nas\u0142uchow\u0105. Na jej podstawie mog\u0142em s\u0142ucha\u0107 radiostacji amatorskich i wysy\u0142a\u0107 do nich tzw. karty QSL, czyli raporty o ich s\u0142yszalno\u015bci. Ka\u017cdy szanuj\u0105cy si\u0119 kr\u00f3tkofalowiec na \u015bwiecie odpowiada i dzi\u0119kuje za taki nas\u0142uch tak\u017ce form\u0105 pisemn\u0105 i wysy\u0142a swoj\u0105 kartk\u0119 QSL. Maj\u0105c coraz wi\u0119cej potwierdze\u0144 mog\u0142em z kolei stara\u0107 si\u0119 o okoliczno\u015bciowe dyplomy, np. za 100 kart z Czechos\u0142owacji i za potwierdzone wszystkie wojew\u00f3dztwa w Polsce. Do najwi\u0119kszych osi\u0105gni\u0119\u0107 z tego okresu nale\u017cy dyplom &#8211; R-6-K jest to rosyjski dyplom za potwierdzone nas\u0142uchy z kr\u00f3tkofalowcami na sze\u015bciu kontynentach. Podczas odwiedzania klub\u00f3w przys\u0142uchiwa\u0142em si\u0119 jak starsi koledzy prowadz\u0105 \u0142\u0105czno\u015bci w j\u0119zyku polskim i angielskim. Gdy nabra\u0142em wprawy i os\u0142uchania, pozwolono mi wreszcie samemu przej\u0105\u0107 mikrofon i przeprowadzi\u0107 samodzielnie \u0142\u0105czno\u015b\u0107. Pomimo i\u017c by\u0142em przygotowany do pracy na radiostacji, to jednak ta pierwsza \u0142\u0105czno\u015b\u0107 z SP2QE sprawi\u0142a, \u017ce by\u0142em momentalnie zlany potem z nerw\u00f3w i wzruszenia. Za t\u0105 \u0142\u0105czno\u015bci\u0105 przysz\u0142y nast\u0119pne: dalsze, zagraniczna, a ja nabiera\u0142em wprawy i swobody w poruszaniu si\u0119 na pa\u015bmie amatorskim. Aby zdoby\u0107 zezwolenie do samodzielnej pracy przez domow\u0105 radiostacj\u0119, nale\u017ca\u0142o zda\u0107 egzamin w Pa\u0144stwowej Inspekcji Radiowej (obecnie Urz\u0105d Komunikacji Elektronicznej), gdzie trzeba si\u0119 wykaza\u0107 znajomo\u015bci\u0105 radiotechniki, zasad, operowania oraz przepis\u00f3w pracy na pasmach amatorskich, a tak\u017ce znajomo\u015bci\u0105 nadawania i odbioru telegrafii. Temu te\u017c musia\u0142em po\u015bwi\u0119ci\u0107 ok. 1\/2 roku nauki z magnetofonem, kluczem telegraficznych oraz odbiornikiem. Po opanowaniu tego mog\u0142em my\u015ble\u0107 o samodzielnej licencji. Egzamin zda\u0142em w Opolu na pocz\u0105tku 1981 roku. Po jego zdaniu i z\u0142o\u017ceniu podania otrzyma\u0142em znak SP9MDY (i moc do 50w), kt\u00f3rym mia\u0142em si\u0119 pos\u0142ugiwa\u0107 na pasmach amatorskich.<\/strong><\/p>\n<p><strong>Po uko\u0144czeniu Technikum w K\u0119dzierzynie zacz\u0105\u0142em ucz\u0119szcza\u0107 do klubu SP9KJU w Raciborzu, gdzie po kilku latach zosta\u0142em wybrany prezesem klubu. W mi\u0119dzyczasie oczywi\u015bcie odby\u0142em s\u0142u\u017cb\u0119 wojskow\u0105 &#8211; naturalnie jako radiotelegrafista &#8211; gdy\u017c maj\u0105c takie hobby innego kierunku nie wyobra\u017ca\u0142em sobie. Tam te\u017c pozna\u0142em wielu koleg\u00f3w, kt\u00f3rzy byli kr\u00f3tkofalowcami, mi\u0119dzy innymi Stefana SP8DJL oraz Lubomira SP4AVG. Klub Kr\u00f3tkofalowc\u00f3w ma przede wszystkim konsolidowa\u0107 okolicznych radioamator\u00f3w oraz uczy\u0107 nowych adept\u00f3w i sympatyk\u00f3w tego pi\u0119knego hobby. Wsp\u00f3lnie organizujemy wyjazdy do okolicznych gmin i zamk\u00f3w, gdzie przeprowadzaj\u0105c \u0142\u0105czno\u015bci dajemy cenne punkty do dyplom\u00f3w &#8222;Polskie Gminy Award&#8221; oraz &#8222;Zamki Polskie&#8221;. Razem r\u00f3wnie\u017c organizujemy prac\u0119 w zawodach kr\u00f3tkofalarskich, przede wszystkim w kwietniowych SP-DX-Contest&#8221; kiedy to anteny wszystkich kr\u00f3tkofalowc\u00f3w \u015bwiata s\u0105 ukierunkowane na \u0142\u0105czno\u015bci z Polsk\u0105.<\/strong><\/p>\n<p><strong>Je\u015bli znajdzie si\u0119 grupa ch\u0119tnych, to organizujemy dla nich kurs kr\u00f3tkofalarski, ale i pojedynczych zapale\u0144c\u00f3w te\u017c nie wyrzucamy z klubu wiedz\u0105c, \u017ce ka\u017cdy m\u0142ody kr\u00f3tkofalowiec wi\u0119cej to jeden chuligan mniej w okolicy. Wsp\u00f3lnie bierzemy tak\u017ce udzia\u0142 w terenowych wyjazdach z radiostacj\u0105, np. brali\u015bmy udzia\u0142 w &#8222;P\u0142ywadle po Odrze&#8221; czy te\u017c zawodach &#8222;Polny Dzie\u0144&#8221;. Klub wsp\u00f3\u0142pracuje tak\u017ce ze szko\u0142ami, gdzie przygotowujemy prelekcje na temat kr\u00f3tkofalarstwa oraz pokazowe \u0142\u0105czno\u015bci na pasmach amatorskich. Wspiera nas tak\u017ce Miejski O\u015brodek Obrony Cywilnej, widz\u0105c w rozwoju kr\u00f3tkofalarstwa zaplecze \u0142\u0105czno\u015bci na wypadek nadzwyczajnych zagro\u017ce\u0144. W imprezach kulturalnych wsp\u00f3\u0142pracujemy z Urz\u0119dem Miasta Racib\u00f3rz, S\u0142u\u017cb\u0105 Graniczn\u0105, gdzie organizujemy pokazow\u0105 prac\u0119 radiostacji mi\u0119dzy innymi na imprezie &#8222;10 lat po powodzi&#8221; czy 900-lecie Raciborza oraz rocznicach S\u0142u\u017cby Granicznej. Do klubu zapraszamy ch\u0119tnych w Brzeziu na ul. My\u015bliwca 9 \/ 2c gdzie spotykamy si\u0119 w czwarte niedziele miesi\u0105ca od godz. 17:00.<\/strong><\/p>\n<p><strong>Prywatnie za\u015b mam potwierdzenia \u0142\u0105czno\u015bci z ponad 230 krajami na wszystkich kontynentach, ok. 200 ro\u017cnych dyplom\u00f3w krajowych i zagranicznych, i nadal cz\u0119sto zasiadam z przyjemno\u015bci\u0105 do radiostacji aby przeprowadzi\u0107 \u0142\u0105czno\u015b\u0107 na telegrafii lub fonii r\u00f3\u017cnymi j\u0119zykami z kolegami kr\u00f3tkofalowcami na ca\u0142ym \u015bwiecie.<\/strong><\/p>\n<p style=\"text-align: right;\"><strong>SP9MDY<\/strong><\/p>\n<p>&nbsp;<\/p>\n<p><strong><a href=\"https:\/\/ot31.pzk.org.pl\/index.php\/pisali-o-nas\/\">powr\u00f3t<\/a><\/strong><\/p>\n","protected":false},"excerpt":{"rendered":"<p>G\u0142os Gminy &#8211; lokalna gazeta gminy Pietrowice. Numer z kwietnia 2009 r. Co to jest kr\u00f3tkofalarstwo? To pytanie nie jest proste, jak by si\u0119 pierwotnie wydawa\u0142o. Mo\u017ce odpowiem na to pytanie z mojej perspektywy tj. jak sam z\u0142apa\u0142em tego bakcyla i jak u mnie si\u0119 potoczy\u0142o. Od lat szkolnych zawsze [&hellip;]<\/p>\n","protected":false},"author":2,"featured_media":0,"parent":0,"menu_order":0,"comment_status":"closed","ping_status":"closed","template":"","meta":{"_themeisle_gutenberg_block_has_review":false,"footnotes":""},"class_list":["post-1713","page","type-page","status-publish","hentry"],"aioseo_notices":[],"_links":{"self":[{"href":"https:\/\/ot31.pzk.org.pl\/index.php\/wp-json\/wp\/v2\/pages\/1713","targetHints":{"allow":["GET"]}}],"collection":[{"href":"https:\/\/ot31.pzk.org.pl\/index.php\/wp-json\/wp\/v2\/pages"}],"about":[{"href":"https:\/\/ot31.pzk.org.pl\/index.php\/wp-json\/wp\/v2\/types\/page"}],"author":[{"embeddable":true,"href":"https:\/\/ot31.pzk.org.pl\/index.php\/wp-json\/wp\/v2\/users\/2"}],"replies":[{"embeddable":true,"href":"https:\/\/ot31.pzk.org.pl\/index.php\/wp-json\/wp\/v2\/comments?post=1713"}],"version-history":[{"count":9,"href":"https:\/\/ot31.pzk.org.pl\/index.php\/wp-json\/wp\/v2\/pages\/1713\/revisions"}],"predecessor-version":[{"id":1722,"href":"https:\/\/ot31.pzk.org.pl\/index.php\/wp-json\/wp\/v2\/pages\/1713\/revisions\/1722"}],"wp:attachment":[{"href":"https:\/\/ot31.pzk.org.pl\/index.php\/wp-json\/wp\/v2\/media?parent=1713"}],"curies":[{"name":"wp","href":"https:\/\/api.w.org\/{rel}","templated":true}]}}